{"id":17,"date":"2025-02-28T08:17:11","date_gmt":"2025-02-28T08:17:11","guid":{"rendered":"https:\/\/cms2-demo.creditstar.eu\/?page_id=17"},"modified":"2025-10-21T09:13:45","modified_gmt":"2025-10-21T09:13:45","slug":"contact-us","status":"publish","type":"page","link":"\/?page_id=17","title":{"rendered":"Contact us"},"content":{"rendered":"\t\t<div data-elementor-type=\"wp-page\" data-elementor-id=\"17\" class=\"elementor elementor-17\" data-elementor-post-type=\"page\">\n\t\t\t\t<div class=\"elementor-element elementor-element-4118c247 nomarginp e-flex e-con-boxed e-con e-parent\" data-id=\"4118c247\" data-element_type=\"container\" data-settings=\"{&quot;background_background&quot;:&quot;classic&quot;}\">\n\t\t\t\t\t<div class=\"e-con-inner\">\n\t\t<div class=\"elementor-element elementor-element-74013907 e-flex e-con-boxed e-con e-child\" data-id=\"74013907\" data-element_type=\"container\" data-settings=\"{&quot;background_background&quot;:&quot;classic&quot;}\">\n\t\t\t\t\t<div class=\"e-con-inner\">\n\t\t\t\t<div class=\"elementor-element elementor-element-17365068 elementor-widget elementor-widget-heading\" data-id=\"17365068\" data-element_type=\"widget\" data-widget_type=\"heading.default\">\n\t\t\t\t<div class=\"elementor-widget-container\">\n\t\t\t\t\t<h2 class=\"elementor-heading-title elementor-size-default\">Skontaktuj si\u0119 z Nami<\/h2>\t\t\t\t<\/div>\n\t\t\t\t<\/div>\n\t\t\t\t<div class=\"elementor-element elementor-element-196e6b9a elementor-widget elementor-widget-text-editor\" data-id=\"196e6b9a\" data-element_type=\"widget\" data-widget_type=\"text-editor.default\">\n\t\t\t\t<div class=\"elementor-widget-container\">\n\t\t\t\t\t\t\t\t\t<p>Nasz zesp\u00f3\u0142 obs\u0142ugi klienta jest dost\u0119pny:<br \/><strong>Od poniedzia\u0142ku do pi\u0105tku, od 08:00 do 18:00.<\/strong><br \/>Nie jeste\u015bmy dost\u0119pni w \u015bwi\u0119ta pa\u0144stwowe.<\/p>\t\t\t\t\t\t\t\t<\/div>\n\t\t\t\t<\/div>\n\t\t<div class=\"elementor-element elementor-element-223d704 e-con-full e-flex e-con e-child\" data-id=\"223d704\" data-element_type=\"container\">\n\t\t<div class=\"elementor-element elementor-element-7f14ef44 e-con-full e-flex e-con e-child\" data-id=\"7f14ef44\" data-element_type=\"container\">\n\t\t\t\t<div class=\"elementor-element elementor-element-21bd0fbb elementor-widget elementor-widget-icon-box\" data-id=\"21bd0fbb\" data-element_type=\"widget\" data-widget_type=\"icon-box.default\">\n\t\t\t\t<div class=\"elementor-widget-container\">\n\t\t\t\t\t\t\t<div class=\"elementor-icon-box-wrapper\">\n\n\t\t\t\n\t\t\t\t\t\t<div class=\"elementor-icon-box-content\">\n\n\t\t\t\t\t\t\t\t\t<h3 class=\"elementor-icon-box-title\">\n\t\t\t\t\t\t<span  >\n\t\t\t\t\t\t\tS\u00e4hk\u00f6posti\t\t\t\t\t\t<\/span>\n\t\t\t\t\t<\/h3>\n\t\t\t\t\n\t\t\t\t\t\t\t\t\t<p class=\"elementor-icon-box-description\">\n\t\t\t\t\t\tasiakaspalvelu@creditstar.fi\t\t\t\t\t<\/p>\n\t\t\t\t\n\t\t\t<\/div>\n\t\t\t\n\t\t<\/div>\n\t\t\t\t\t\t<\/div>\n\t\t\t\t<\/div>\n\t\t\t\t<div class=\"elementor-element elementor-element-10084cb9 elementor-align-center elementor-widget elementor-widget-button\" data-id=\"10084cb9\" data-element_type=\"widget\" data-widget_type=\"button.default\">\n\t\t\t\t<div class=\"elementor-widget-container\">\n\t\t\t\t\t\t\t\t\t<div class=\"elementor-button-wrapper\">\n\t\t\t\t\t<a class=\"elementor-button elementor-button-link elementor-size-sm\" href=\"https:\/\/app.creditstar.se\/site\/signup\">\n\t\t\t\t\t\t<span class=\"elementor-button-content-wrapper\">\n\t\t\t\t\t\t\t\t\t<span class=\"elementor-button-text\">Napisz do nas<\/span>\n\t\t\t\t\t<\/span>\n\t\t\t\t\t<\/a>\n\t\t\t\t<\/div>\n\t\t\t\t\t\t\t\t<\/div>\n\t\t\t\t<\/div>\n\t\t\t\t<\/div>\n\t\t\t\t<div class=\"elementor-element elementor-element-75df1df5 elementor-widget elementor-widget-icon-box\" data-id=\"75df1df5\" data-element_type=\"widget\" data-widget_type=\"icon-box.default\">\n\t\t\t\t<div class=\"elementor-widget-container\">\n\t\t\t\t\t\t\t<div class=\"elementor-icon-box-wrapper\">\n\n\t\t\t\n\t\t\t\t\t\t<div class=\"elementor-icon-box-content\">\n\n\t\t\t\t\t\t\t\t\t<h3 class=\"elementor-icon-box-title\">\n\t\t\t\t\t\t<span  >\n\t\t\t\t\t\t\tAdres\t\t\t\t\t\t<\/span>\n\t\t\t\t\t<\/h3>\n\t\t\t\t\n\t\t\t\t\t\t\t\t\t<p class=\"elementor-icon-box-description\">\n\t\t\t\t\t\tul. Grochowska 306\/308 <br>03-840 Warszawa\t\t\t\t\t<\/p>\n\t\t\t\t\n\t\t\t<\/div>\n\t\t\t\n\t\t<\/div>\n\t\t\t\t\t\t<\/div>\n\t\t\t\t<\/div>\n\t\t\t\t<div class=\"elementor-element elementor-element-4cdd5c1 elementor-widget elementor-widget-icon-box\" data-id=\"4cdd5c1\" data-element_type=\"widget\" data-widget_type=\"icon-box.default\">\n\t\t\t\t<div class=\"elementor-widget-container\">\n\t\t\t\t\t\t\t<div class=\"elementor-icon-box-wrapper\">\n\n\t\t\t\n\t\t\t\t\t\t<div class=\"elementor-icon-box-content\">\n\n\t\t\t\t\t\t\t\t\t<h3 class=\"elementor-icon-box-title\">\n\t\t\t\t\t\t<span  >\n\t\t\t\t\t\t\tTelefon\t\t\t\t\t\t<\/span>\n\t\t\t\t\t<\/h3>\n\t\t\t\t\n\t\t\t\t\t\t\t\t\t<p class=\"elementor-icon-box-description\">\n\t\t\t\t\t\t22 307 51 53\t\t\t\t\t<\/p>\n\t\t\t\t\n\t\t\t<\/div>\n\t\t\t\n\t\t<\/div>\n\t\t\t\t\t\t<\/div>\n\t\t\t\t<\/div>\n\t\t\t\t<\/div>\n\t\t\t\t\t<\/div>\n\t\t\t\t<\/div>\n\t\t\t\t\t<\/div>\n\t\t\t\t<\/div>\n\t\t<div class=\"elementor-element elementor-element-d4bbecd nomarginp e-flex e-con-boxed e-con e-parent\" data-id=\"d4bbecd\" data-element_type=\"container\">\n\t\t\t\t\t<div class=\"e-con-inner\">\n\t\t<div class=\"elementor-element elementor-element-4aac5796 e-con-full e-flex e-con e-child\" data-id=\"4aac5796\" data-element_type=\"container\">\n\t\t\t\t<div class=\"elementor-element elementor-element-10cc5347 elementor-widget elementor-widget-image\" data-id=\"10cc5347\" data-element_type=\"widget\" data-widget_type=\"image.default\">\n\t\t\t\t<div class=\"elementor-widget-container\">\n\t\t\t\t\t\t\t\t\t\t\t\t\t\t\t<img decoding=\"async\" src=\"https:\/\/cms2-demo.creditstar.eu\/wp-content\/plugins\/elementor\/assets\/images\/placeholder.png\" title=\"\" alt=\"\" loading=\"lazy\" \/>\t\t\t\t\t\t\t\t\t\t\t\t\t\t\t<\/div>\n\t\t\t\t<\/div>\n\t\t\t\t<\/div>\n\t\t<div class=\"elementor-element elementor-element-7aae7773 e-con-full e-flex e-con e-child\" data-id=\"7aae7773\" data-element_type=\"container\">\n\t\t\t\t<div class=\"elementor-element elementor-element-1b3931a0 elementor-widget elementor-widget-text-editor\" data-id=\"1b3931a0\" data-element_type=\"widget\" data-widget_type=\"text-editor.default\">\n\t\t\t\t<div class=\"elementor-widget-container\">\n\t\t\t\t\t\t\t\t\t<p>Porozmawiaj z naszym zespo\u0142em<\/p>\t\t\t\t\t\t\t\t<\/div>\n\t\t\t\t<\/div>\n\t\t\t\t<div class=\"elementor-element elementor-element-6eb71869 elementor-widget elementor-widget-text-editor\" data-id=\"6eb71869\" data-element_type=\"widget\" data-widget_type=\"text-editor.default\">\n\t\t\t\t<div class=\"elementor-widget-container\">\n\t\t\t\t\t\t\t\t\t<p>Rozpocznij z nami rozmow\u0119 za po\u015brednictwem czatu na naszej stronie internetowej.<\/p>\t\t\t\t\t\t\t\t<\/div>\n\t\t\t\t<\/div>\n\t\t\t\t<div class=\"elementor-element elementor-element-c4e7b64 elementor-align-left elementor-widget elementor-widget-button\" data-id=\"c4e7b64\" data-element_type=\"widget\" data-widget_type=\"button.default\">\n\t\t\t\t<div class=\"elementor-widget-container\">\n\t\t\t\t\t\t\t\t\t<div class=\"elementor-button-wrapper\">\n\t\t\t\t\t<a class=\"elementor-button elementor-button-link elementor-size-sm\" href=\"https:\/\/app.creditstar.se\/site\/signup\">\n\t\t\t\t\t\t<span class=\"elementor-button-content-wrapper\">\n\t\t\t\t\t\t\t\t\t<span class=\"elementor-button-text\">Otw\u00f3rz czat<\/span>\n\t\t\t\t\t<\/span>\n\t\t\t\t\t<\/a>\n\t\t\t\t<\/div>\n\t\t\t\t\t\t\t\t<\/div>\n\t\t\t\t<\/div>\n\t\t\t\t<\/div>\n\t\t\t\t\t<\/div>\n\t\t\t\t<\/div>\n\t\t<div class=\"elementor-element elementor-element-716143cc nomarginp e-flex e-con-boxed e-con e-parent\" data-id=\"716143cc\" data-element_type=\"container\">\n\t\t\t\t\t<div class=\"e-con-inner\">\n\t\t<div class=\"elementor-element elementor-element-dd33c81 e-con-full e-flex e-con e-child\" data-id=\"dd33c81\" data-element_type=\"container\">\n\t\t\t\t<div class=\"elementor-element elementor-element-7a2d0b3b elementor-widget elementor-widget-text-editor\" data-id=\"7a2d0b3b\" data-element_type=\"widget\" data-widget_type=\"text-editor.default\">\n\t\t\t\t<div class=\"elementor-widget-container\">\n\t\t\t\t\t\t\t\t\t<p>Odwied\u017a nasze Centrum pomocy<\/p>\t\t\t\t\t\t\t\t<\/div>\n\t\t\t\t<\/div>\n\t\t\t\t<div class=\"elementor-element elementor-element-4fed6fbf elementor-widget-mobile__width-initial elementor-widget elementor-widget-text-editor\" data-id=\"4fed6fbf\" data-element_type=\"widget\" data-widget_type=\"text-editor.default\">\n\t\t\t\t<div class=\"elementor-widget-container\">\n\t\t\t\t\t\t\t\t\t<p>Znajd\u017a odpowiedzi, kt\u00f3rych potrzebujesz.<\/p>\t\t\t\t\t\t\t\t<\/div>\n\t\t\t\t<\/div>\n\t\t<div class=\"elementor-element elementor-element-584fd32e e-con-full relativecls e-flex e-con e-child\" data-id=\"584fd32e\" data-element_type=\"container\">\n\t\t\t\t<div class=\"elementor-element elementor-element-52d62acc elementor-widget__width-initial elementor-widget elementor-widget-button\" data-id=\"52d62acc\" data-element_type=\"widget\" data-widget_type=\"button.default\">\n\t\t\t\t<div class=\"elementor-widget-container\">\n\t\t\t\t\t\t\t\t\t<div class=\"elementor-button-wrapper\">\n\t\t\t\t\t<a class=\"elementor-button elementor-button-link elementor-size-sm\" href=\"https:\/\/app.creditstar.se\/site\/signup\">\n\t\t\t\t\t\t<span class=\"elementor-button-content-wrapper\">\n\t\t\t\t\t\t\t\t\t<span class=\"elementor-button-text\">Centrum pomocy<\/span>\n\t\t\t\t\t<\/span>\n\t\t\t\t\t<\/a>\n\t\t\t\t<\/div>\n\t\t\t\t\t\t\t\t<\/div>\n\t\t\t\t<\/div>\n\t\t\t\t<\/div>\n\t\t\t\t<\/div>\n\t\t<div class=\"elementor-element elementor-element-3ff2470d e-con-full e-flex e-con e-child\" data-id=\"3ff2470d\" data-element_type=\"container\">\n\t\t\t\t<div class=\"elementor-element elementor-element-6d83ea16 elementor-widget elementor-widget-image\" data-id=\"6d83ea16\" data-element_type=\"widget\" data-widget_type=\"image.default\">\n\t\t\t\t<div class=\"elementor-widget-container\">\n\t\t\t\t\t\t\t\t\t\t\t\t\t\t\t<img decoding=\"async\" src=\"https:\/\/cms2-demo.creditstar.eu\/wp-content\/plugins\/elementor\/assets\/images\/placeholder.png\" title=\"\" alt=\"\" loading=\"lazy\" \/>\t\t\t\t\t\t\t\t\t\t\t\t\t\t\t<\/div>\n\t\t\t\t<\/div>\n\t\t\t\t<\/div>\n\t\t\t\t\t<\/div>\n\t\t\t\t<\/div>\n\t\t\t\t<\/div>\n\t\t","protected":false},"excerpt":{"rendered":"<p>Skontaktuj si\u0119 z Nami Nasz zesp\u00f3\u0142 obs\u0142ugi klienta jest dost\u0119pny:Od poniedzia\u0142ku do pi\u0105tku, od 08:00 do 18:00.Nie jeste\u015bmy dost\u0119pni w \u015bwi\u0119ta pa\u0144stwowe. S\u00e4hk\u00f6posti asiakaspalvelu@creditstar.fi Napisz do nas Adres ul. Grochowska 306\/308 03-840 Warszawa Telefon 22 307 51 53 Porozmawiaj z naszym zespo\u0142em Rozpocznij z nami rozmow\u0119 za po\u015brednictwem czatu na naszej stronie internetowej. Otw\u00f3rz czat [&hellip;]<\/p>\n","protected":false},"author":2,"featured_media":0,"parent":0,"menu_order":0,"comment_status":"closed","ping_status":"closed","template":"","meta":{"footnotes":""},"class_list":["post-17","page","type-page","status-publish","hentry"],"yoast_head":"<!-- This site is optimized with the Yoast SEO plugin v25.4 - https:\/\/yoast.com\/wordpress\/plugins\/seo\/ -->\n<title>Contact us - creditstar<\/title>\n<meta name=\"robots\" content=\"index, follow, max-snippet:-1, max-image-preview:large, max-video-preview:-1\" \/>\n<link rel=\"canonical\" href=\"https:\/\/cms2-demo.creditstar.eu\/\" \/>\n<meta property=\"og:locale\" content=\"en_US\" \/>\n<meta property=\"og:type\" content=\"article\" \/>\n<meta property=\"og:title\" content=\"Contact us - creditstar\" \/>\n<meta property=\"og:description\" content=\"Skontaktuj si\u0119 z Nami Nasz zesp\u00f3\u0142 obs\u0142ugi klienta jest dost\u0119pny:Od poniedzia\u0142ku do pi\u0105tku, od 08:00 do 18:00.Nie jeste\u015bmy dost\u0119pni w \u015bwi\u0119ta pa\u0144stwowe. S\u00e4hk\u00f6posti asiakaspalvelu@creditstar.fi Napisz do nas Adres ul. Grochowska 306\/308 03-840 Warszawa Telefon 22 307 51 53 Porozmawiaj z naszym zespo\u0142em Rozpocznij z nami rozmow\u0119 za po\u015brednictwem czatu na naszej stronie internetowej. Otw\u00f3rz czat [&hellip;]\" \/>\n<meta property=\"og:url\" content=\"\/?page_id=17\" \/>\n<meta property=\"og:site_name\" content=\"creditstar\" \/>\n<meta property=\"article:modified_time\" content=\"2025-10-21T09:13:45+00:00\" \/>\n<meta property=\"og:image\" content=\"https:\/\/cms2-demo.creditstar.eu\/wp-content\/plugins\/elementor\/assets\/images\/placeholder.png\" \/>\n<meta name=\"twitter:card\" content=\"summary_large_image\" \/>\n<meta name=\"twitter:label1\" content=\"Est. reading time\" \/>\n\t<meta name=\"twitter:data1\" content=\"1 minute\" \/>\n<script type=\"application\/ld+json\" class=\"yoast-schema-graph\">{\"@context\":\"https:\/\/schema.org\",\"@graph\":[{\"@type\":\"WebPage\",\"@id\":\"\/?page_id=17\",\"url\":\"https:\/\/cms2-demo.creditstar.eu\/\",\"name\":\"Contact us - creditstar\",\"isPartOf\":{\"@id\":\"https:\/\/cms2-demo.creditstar.eu\/#website\"},\"primaryImageOfPage\":{\"@id\":\"https:\/\/cms2-demo.creditstar.eu\/#primaryimage\"},\"image\":{\"@id\":\"https:\/\/cms2-demo.creditstar.eu\/#primaryimage\"},\"thumbnailUrl\":\"https:\/\/cms2-demo.creditstar.eu\/wp-content\/plugins\/elementor\/assets\/images\/placeholder.png\",\"datePublished\":\"2025-02-28T08:17:11+00:00\",\"dateModified\":\"2025-10-21T09:13:45+00:00\",\"breadcrumb\":{\"@id\":\"https:\/\/cms2-demo.creditstar.eu\/#breadcrumb\"},\"inLanguage\":\"en-US\",\"potentialAction\":[{\"@type\":\"ReadAction\",\"target\":[\"https:\/\/cms2-demo.creditstar.eu\/\"]}]},{\"@type\":\"ImageObject\",\"inLanguage\":\"en-US\",\"@id\":\"https:\/\/cms2-demo.creditstar.eu\/#primaryimage\",\"url\":\"https:\/\/cms2-demo.creditstar.eu\/wp-content\/plugins\/elementor\/assets\/images\/placeholder.png\",\"contentUrl\":\"https:\/\/cms2-demo.creditstar.eu\/wp-content\/plugins\/elementor\/assets\/images\/placeholder.png\"},{\"@type\":\"BreadcrumbList\",\"@id\":\"https:\/\/cms2-demo.creditstar.eu\/#breadcrumb\",\"itemListElement\":[{\"@type\":\"ListItem\",\"position\":1,\"name\":\"Home\",\"item\":\"\/\"},{\"@type\":\"ListItem\",\"position\":2,\"name\":\"Contact us\"}]},{\"@type\":\"WebSite\",\"@id\":\"https:\/\/cms2-demo.creditstar.eu\/#website\",\"url\":\"https:\/\/cms2-demo.creditstar.eu\/\",\"name\":\"creditstar\",\"description\":\"\",\"publisher\":{\"@id\":\"https:\/\/cms2-demo.creditstar.eu\/#organization\"},\"potentialAction\":[{\"@type\":\"SearchAction\",\"target\":{\"@type\":\"EntryPoint\",\"urlTemplate\":\"https:\/\/cms2-demo.creditstar.eu\/?s={search_term_string}\"},\"query-input\":{\"@type\":\"PropertyValueSpecification\",\"valueRequired\":true,\"valueName\":\"search_term_string\"}}],\"inLanguage\":\"en-US\"},{\"@type\":\"Organization\",\"@id\":\"https:\/\/cms2-demo.creditstar.eu\/#organization\",\"name\":\"creditstar\",\"url\":\"https:\/\/cms2-demo.creditstar.eu\/\",\"logo\":{\"@type\":\"ImageObject\",\"inLanguage\":\"en-US\",\"@id\":\"https:\/\/cms2-demo.creditstar.eu\/#\/schema\/logo\/image\/\",\"url\":\"https:\/\/cms2-demo.creditstar.eu\/wp-content\/uploads\/2025\/02\/Frame-3.png\",\"contentUrl\":\"https:\/\/cms2-demo.creditstar.eu\/wp-content\/uploads\/2025\/02\/Frame-3.png\",\"width\":136,\"height\":41,\"caption\":\"creditstar\"},\"image\":{\"@id\":\"https:\/\/cms2-demo.creditstar.eu\/#\/schema\/logo\/image\/\"}}]}<\/script>\n<!-- \/ Yoast SEO plugin. -->","yoast_head_json":{"title":"Contact us - creditstar","robots":{"index":"index","follow":"follow","max-snippet":"max-snippet:-1","max-image-preview":"max-image-preview:large","max-video-preview":"max-video-preview:-1"},"canonical":"https:\/\/cms2-demo.creditstar.eu\/","og_locale":"en_US","og_type":"article","og_title":"Contact us - creditstar","og_description":"Skontaktuj si\u0119 z Nami Nasz zesp\u00f3\u0142 obs\u0142ugi klienta jest dost\u0119pny:Od poniedzia\u0142ku do pi\u0105tku, od 08:00 do 18:00.Nie jeste\u015bmy dost\u0119pni w \u015bwi\u0119ta pa\u0144stwowe. S\u00e4hk\u00f6posti asiakaspalvelu@creditstar.fi Napisz do nas Adres ul. Grochowska 306\/308 03-840 Warszawa Telefon 22 307 51 53 Porozmawiaj z naszym zespo\u0142em Rozpocznij z nami rozmow\u0119 za po\u015brednictwem czatu na naszej stronie internetowej. Otw\u00f3rz czat [&hellip;]","og_url":"\/?page_id=17","og_site_name":"creditstar","article_modified_time":"2025-10-21T09:13:45+00:00","og_image":[{"url":"https:\/\/cms2-demo.creditstar.eu\/wp-content\/plugins\/elementor\/assets\/images\/placeholder.png","type":"","width":"","height":""}],"twitter_card":"summary_large_image","twitter_misc":{"Est. reading time":"1 minute"},"schema":{"@context":"https:\/\/schema.org","@graph":[{"@type":"WebPage","@id":"\/?page_id=17","url":"https:\/\/cms2-demo.creditstar.eu\/","name":"Contact us - creditstar","isPartOf":{"@id":"https:\/\/cms2-demo.creditstar.eu\/#website"},"primaryImageOfPage":{"@id":"https:\/\/cms2-demo.creditstar.eu\/#primaryimage"},"image":{"@id":"https:\/\/cms2-demo.creditstar.eu\/#primaryimage"},"thumbnailUrl":"https:\/\/cms2-demo.creditstar.eu\/wp-content\/plugins\/elementor\/assets\/images\/placeholder.png","datePublished":"2025-02-28T08:17:11+00:00","dateModified":"2025-10-21T09:13:45+00:00","breadcrumb":{"@id":"https:\/\/cms2-demo.creditstar.eu\/#breadcrumb"},"inLanguage":"en-US","potentialAction":[{"@type":"ReadAction","target":["https:\/\/cms2-demo.creditstar.eu\/"]}]},{"@type":"ImageObject","inLanguage":"en-US","@id":"https:\/\/cms2-demo.creditstar.eu\/#primaryimage","url":"https:\/\/cms2-demo.creditstar.eu\/wp-content\/plugins\/elementor\/assets\/images\/placeholder.png","contentUrl":"https:\/\/cms2-demo.creditstar.eu\/wp-content\/plugins\/elementor\/assets\/images\/placeholder.png"},{"@type":"BreadcrumbList","@id":"https:\/\/cms2-demo.creditstar.eu\/#breadcrumb","itemListElement":[{"@type":"ListItem","position":1,"name":"Home","item":"\/"},{"@type":"ListItem","position":2,"name":"Contact us"}]},{"@type":"WebSite","@id":"https:\/\/cms2-demo.creditstar.eu\/#website","url":"https:\/\/cms2-demo.creditstar.eu\/","name":"creditstar","description":"","publisher":{"@id":"https:\/\/cms2-demo.creditstar.eu\/#organization"},"potentialAction":[{"@type":"SearchAction","target":{"@type":"EntryPoint","urlTemplate":"https:\/\/cms2-demo.creditstar.eu\/?s={search_term_string}"},"query-input":{"@type":"PropertyValueSpecification","valueRequired":true,"valueName":"search_term_string"}}],"inLanguage":"en-US"},{"@type":"Organization","@id":"https:\/\/cms2-demo.creditstar.eu\/#organization","name":"creditstar","url":"https:\/\/cms2-demo.creditstar.eu\/","logo":{"@type":"ImageObject","inLanguage":"en-US","@id":"https:\/\/cms2-demo.creditstar.eu\/#\/schema\/logo\/image\/","url":"https:\/\/cms2-demo.creditstar.eu\/wp-content\/uploads\/2025\/02\/Frame-3.png","contentUrl":"https:\/\/cms2-demo.creditstar.eu\/wp-content\/uploads\/2025\/02\/Frame-3.png","width":136,"height":41,"caption":"creditstar"},"image":{"@id":"https:\/\/cms2-demo.creditstar.eu\/#\/schema\/logo\/image\/"}}]}},"_links":{"self":[{"href":"https:\/\/cms2-demo.creditstar.eu\/index.php?rest_route=\/wp\/v2\/pages\/17","targetHints":{"allow":["GET"]}}],"collection":[{"href":"https:\/\/cms2-demo.creditstar.eu\/index.php?rest_route=\/wp\/v2\/pages"}],"about":[{"href":"https:\/\/cms2-demo.creditstar.eu\/index.php?rest_route=\/wp\/v2\/types\/page"}],"author":[{"embeddable":true,"href":"https:\/\/cms2-demo.creditstar.eu\/index.php?rest_route=\/wp\/v2\/users\/2"}],"replies":[{"embeddable":true,"href":"https:\/\/cms2-demo.creditstar.eu\/index.php?rest_route=%2Fwp%2Fv2%2Fcomments&post=17"}],"version-history":[{"count":6,"href":"https:\/\/cms2-demo.creditstar.eu\/index.php?rest_route=\/wp\/v2\/pages\/17\/revisions"}],"predecessor-version":[{"id":149,"href":"https:\/\/cms2-demo.creditstar.eu\/index.php?rest_route=\/wp\/v2\/pages\/17\/revisions\/149"}],"wp:attachment":[{"href":"https:\/\/cms2-demo.creditstar.eu\/index.php?rest_route=%2Fwp%2Fv2%2Fmedia&parent=17"}],"curies":[{"name":"wp","href":"https:\/\/api.w.org\/{rel}","templated":true}]}}